).
29
What is the value of 41 + -2 + 31 + -41?
29
54 - (11 + (-1 - (17 + -10)) + (1 - 7))
57
Evaluate (303 - 88) + -102 - (-31 + 0).
144
Calculate -213 - (-183 - -68) - -205.
107
Calculate -7 + 4 + (18 - -3) + (0 - 10) + 16.
24
Calculate -28 + 25 + (80 + 21 - 10).
88
What is -14 + (-63 - -2) + (-10 - ((-23 - -12) + -9))?
-65
Calculate -42 + 16 + -2 + -5 + (9 - 8).
-32
What is the value of 3 - 2 - (-6 + 1) - (-10 - (22 - 23))?
15
What is the value of -9 + -62 - (-290 + 287 - ((-2 - -4) + -2))?
-68
What is -71 - (-44 + 50 + -65)?
-12
(8 - (-74 + 86 - (10 - -1))) + -11 + 66
62
-12 + (3 + 5 - 3) + 4 + -30
-33
What is -2 + 6 + (-11 - -3) - (20 - 32 - -87)?
-79
What is 53 + -10 + (17 - -20)?
80
What is the value of -72 - 2 - (177 + -208) - -183?
140
12 + -34 + (9 - 64) + 37
-40
What is the value of (25 - (9 + 9)) + (5 - (6 - 2) - 2)?
6
83 + (-24 + 63 - 88)
34
-5 + (-39 - -42) + (4 - 20) - -116
98
Calculate (-65 + 32 - -15) + (14 - -30).
26
1342 - 1349 - (1 + -1 + 21)
-28
Evaluate 5 - (1 + 5 + -8) - (-13 - (-44 + 11)).
-13
What is the value of -12 + 5 - 8 - (-4 + 19 - -34)?
-64
Evaluate 0 + -16 - (2065 + -2074).
-7
What is the value of -14 + 1 + (30 - (2 - -24))?
-9
Evaluate 63 - (-75 + 23) - 124.
-9
What is -4 + (-2 - 10) + (-989 - -974)?
-31
Evaluate (-28 + 44 - 43) + 41.
14
(14 + -14 - 28 - -12) + 6 + -4
-14
What is 2154 + -2194 - (29 - -3 - -5)?
-77
Evaluate -15 - (-11 + -8 - -8 - (28 + -41) - -117).
-134
What is the value of 30 + 16 + -10 + 1 + 5 + (1 - -1)?
44
Calculate -231 + -35 + 242 + (0 - 19).
-43
Evaluate -12 - (-30 + 37 - -29).
-48
-89 + 78 + (67 - (2 + -11))
65
Evaluate (-43 - -51) + (-6 - 0 - -3) - (2 - 67).
70
Calculate 31 + (-100 - -40) - -96 - (18 + 0).
49
What is the value of 58 + (9 - 19) - (4 + 4)?
40
What is -22 + 4 - ((32 - -10) + -19)?
-41
Evaluate (-3 - -70) + -63 + -40.
-36
What is the value of (-1 - (66 - 25 - 28)) + (3 - 16)?
-27
What is 138 + (-12 - (-3 - (16 + -5))) - -11 - 3?
148
What is the value of (-276 - -221) + 17 + -1 + (13 - 17)?
-43
Evaluate (3 - 2) + (-3 - 14 - -5) - -62.
51
Calculate 41 - 28 - (-9 + 4 + 50 + -2).
-30
What is the value of -5 + 93 + (3 - -26 - 66 - -18)?
69
(234 - (-12 + 216)) + (-1 - -13)
42
Calculate (16 - 5) + -8 + (6 + -6 - 28).
-25
(7 - 0) + -16 + 20 + 39 + 0
50
Evaluate 6 + -101 + -7 - ((-7 - (-6 - -6)) + -4).
-91
What is (-32 - (-156 - -30)) + -19?
75
-58 + 2 - (1 - -3 - (28 + (-31 - 3)))
-66
What is the value of (-13 + 7 - (13 + -3)) + -45 + -6?
-67
What is the value of 1 + (-2 - 1) + -75 - (-197 + -36 + 220)?
-64
Calculate -27 - ((10 - (9 + -13)) + -19 - (-2 - 4)).
-28
Calculate 19 - (-46 - -20) - 53.
-8
-58 + 59 + -55 + 16
-38
Evaluate 10 + (0 - 30) - ((5 - 3) + 14).
-36
Calculate -21 + 20 - (1 - -8 - 3 - (202 - 141)).
54
What is (10 + -91 - 20) + 87?
-14
Evaluate -20 - (6 - 63) - 22.
15
(-27 - (43 + -30)) + -1 + (3 - -1 - -3)
-34
What is -26 + -17 + 79 - 85?
-49
(42 - 69) + 51 + -28
-4
What is the value of -73 - (-67 - 62) - (26 - 3)?
33
What is -54 - (18 - (15 - 31))?
-88
What is the value of 136 - (-9 - 25 - -15 - -46) - (1 - 15)?
123
Calculate -1 + (8 - (-21 - (-32 - 17))).
-21
Calculate 2 - (0 - -1 - -1) - (-20 - (-88 + 59)).
-9
Evaluate (-25 - (-23 - (-3 - 9))) + (43 - 3).
26
Evaluate 7 + -1 + 1 + 1 + (-915 - -919).
12
Calculate -12 + 0 + (-19 - (-13 + 16 + 5)).
-39
Evaluate -66 + (-8 - ((20 - (11 + -2)) + (-9 - 5))).
-71
-99 + 174 + -72 + (1 - -2)
6
What is the value of -11 + (-21 - -6) + 14 - (6 - 41)?
23
What is (-8 + -3 + 4 - -21) + -18?
-4
What is the value of (-6 + 30 - 9) + (14 + -3 + -6 - 159)?
-139
Calculate -3 + 6 + (-28 - -22 - 7).
-10
-10 - (39 + -43 + 7) - 65
-78
Evaluate 5156 + -5077 - (13 - (2 - 0)).
68
Calculate -36 - (9 + -4 + -19) - (-2 - 70).
50
What is the value of 6 - (0 + 31 + -16 + (1 - -67))?
-77
-26 + 21 + -47 + 7
-45
What is 22 + -26 + 17 + (14 - 2) + -14?
11
What is the value of (-49 - (5 + 4 + -8)) + 14 + -25?
-61
-14 + 17 + -18 - (1 - 7 - 93)
84
Calculate (3 - 3) + (92 - 94) - (-109 + 1).
106
What is 118 + (47 - -5 - 105)?
65
Evaluate (21 - (13 + -3) - 63) + 6 + 6.
-40
Evaluate (2770 - 2808) + (-1 - -58).
19
What is the value of 42 + -2 - (389 + -357)?
8
What is -16 - -1 - (8124 - 8138)?
-1
Evaluate -6 + -8 + (-6 - 17) + 9 + 16.
-12
What is 1 + -1 + (-18 - -22) + -11 + 11 + 9?
13
What is the value of (-74 - (-232 + 135)) + (34 - -4)?
61
What is (-4 - (4 + 19)) + -70 + 137?
40
What is 20 - (-25 - (50 - 108))?
-13
Evaluate 13 + (11 - (42 - 42)).
24
(-10 - (3 + (12 - 7) + -10)) + (2 - -6)
0
What is the value of 2 + 83 - (24 - -17)?
44
What is the value of 24 - (25 + 0 - (1067 + -1031))?
35
What is -77 + 197 + (-36 - (4 - 4))?
84
Calculate (10 - (7 + 45)) + -79 + 92.
-29
What is the value of -12 + -28 + (30 - (14 + -5) - 14)?
-33
What is the value of (-138 - -141) + (-2 - -3) - (-91 + 6)?
89
-1478 - -1552 - (147 + 1)
-74
What is 20 + (-7 + 6 - 1) + (-317 - -376)?
77
Calculate 143 - (29 + 42 + -28) - -39.
139
Evaluate -19 - -2 - (-9 - 19 - -59 - 48).
0
Calculate -12 + (-8 - -6) + 6 + (-18 - -11).
-15
Evaluate 0 - -1 - 6 - (-159 + -112 - -329).
-63
Evaluate (111 - -10) + -16 + -14 + 3 + 21 + 4.
119
Evaluate 13 - ((15 - 30 - -4) + -6).
30
What is the value of -38 + (44 - 24) + (0 - 8) + 10?
-16
Evaluate (-9 - -6 - 8) + 56 + -28 + 23.
40
What is the value of -66 + (-33 - -70) + -13 + 0 + -1?
-43
Calculate (19 - (89 + -24)) + 29.
-17
What is (0 - (-3 + -2)) + -11 + (8 - -1)?
3
What is (2 + 0 - (11 + -8)) + -6 + 5 + 36?
34
What is the value of (19 - 18 - -36) + (-8 - 1 - -20)?
48
Calculate 3 - (-17 - -31 - 30) - (-1 + -11).
31
189 + 1 + (-6723 - -6606)
73
Calculate (33 - (-5 + 68)) + -47.
-77
(22 - (20 + -13)) + (-5 - 1)
9
(-19 - (3 + (-4 - -2))) + 440 + -548
-128
What is (-46 - 6) + -8 - (0 - 9 - -12) - -12?
-51
(4347 - 4241) + (-66 - -4)
44
What is 9 + -23 + 67 + 14?
67
What is (-1 + -2 + -14 - (-8 - 2)) + 9 - -36?
38
Evaluate 20 + (-30 - -10) + -4 - (10 + 0).
-14
What is the value of 9 + (-7 - -5) + (30 - (-1 - (21 - 19)))?
40
Calculate (0 + 7 - 4) + (21 - (51 + 24)).
-51
What is the value of 1 - -10 - ((-75 - -29) + 34)?
23
What is 94 + (-12 + 27 - 25)?
84
Evaluate 6 + (21 + -34 - 0) - -48.
41
What is the value of -32 + -61 + 116 - (2 - 15)?
36
What is the value of -1222 + 1180 + 2 + -20?
-60
-4 + -12 + 8 - (15 + -26 - 26)
29
344 + -303 + 8 + 2
51
What is 27 - (3 + -69) - 165?
-72
What is the value of (14 - 22) + (125 - 98)?
19
Calculate -28 + 6 + 14 + (2 - 25).
-31
What is -29 - (95 - 42) - (-15 + 2 + -2)?
-67
What is (-3 + -9 - -9) + (0 - (6 - -1)) + 26?
16
What is the value of -27 - (-3 + 8 - (160 + -145 - (12 - -6)))?
-35
What is (-8 - -2 - (0 + 1)) + (-1699 - -1778)?
72
17 + -1 + 3340 + -3274
82
What is -2 + (-10 - (-54 + 0 + 1 - (-1048 + 1042)))?
35
(19 - (69 + -30) - -80) + (2 - -6)
68
(9 - (-104 - -127 - (-2 - -10))) + 0 + 12
6
Calculate (-109 - -125) + (-8 - -11).
19
Calculate 27 - -1 - (-29 + 50 + (-48 - -19)).
36
14 + 9 + (-33 - 2) + 32 + -12
8
-2 + 56 + 22 + -74 + (-1 - -2) + -10
-7
0 - (-13 - (-15 - -24)) - (1 - 5)
26
-30 - ((24 - 9) + (-53 - -31))
-23
Evaluate -19 + (3 - (1 + -28)) - -21.
32
What is 2 + -1 - (489 + -533)?
45
Calculate 95 - 48 - 20 - 14.
13
(-48 - -5 - -58) + (-4 + -67 - 1)
-57
What is the value of (-48 - -28) + 84 + -35?
29
What is the value of (308 - 320) + (19 - (5 - 0)) - (1 + 0)?
1
Evaluate -116 + 154 - (18 - 15 - -50).
-15
7 + 6 + 26 + 44 + -39
44
What is the value of (-58 - 4 - 0) + -20 + 20 + (-4 - 1)?
-67
What is 4 + -1 - (-8 + 14 + (-16 + 4 - 15))?
24
Calculate (38 - 40) + 17 - 48.
-33
5 + (1 - 1) + 37 + -36 + 113 + -72
47
What is (-50 - -14) + -15 + 73?
22
-33 + 291 + -159 - 124
-25
What is the value of 47 + 124 + -7 + (-15 - -1)?
150
What is -4 - -57 - (6 + 0 + -14 + -102 + 97)?
66
-14 + (-5 - -26) + -12 - 5 - 36
-46
What is (-18 - (71 + -129)) + -73?
-33
Evaluate -35 + (-73 - -93) - (-1 - 8 - 0).
-6
What is 148 + (3 - 185) + 0 + -2?
-36
What is -1 - 1 - 1 - 11 - (2 - 30)?
14
Evaluate (-24 + 13 - -29) + (20 - (9 + -7)).
36
What is (-140 - -7) + 114 + (-10 - 2) + -1?
-32
Calculate (46 - 68 - (-26 - -6)) + 24.
22
Calculate -9 + 1 + (-22 - (-8 + -27)) - (2 - -43).
-40
Calculate -18 + -48 + 64 - (2 + (-5 - -3) + 2).
-4
Calculate 12 + 157 + -59 + 25 - (0 - -18).
117
-73 - (89 + -4 - 217)
59
Evaluate -736 + 717 + (63